. Let p(r) = -r + 10. Let h be p(8). Let k be f(h). Let o(g) = g**3 - 9*g**2 + 8*g + 5. Give o(k).
5
Let a(b) = 11 + 1 - b**2 + 2*b**2 - 8*b. Let o(l) = -23186*l + 162306. Let z be o(7). Calculate a(z).
-4
Suppose -57 = -33*m + 273. Let g(j) = -j**2 + 16*j - 20. Give g(m).
40
Let t(r) = -r**2 + 5*r - 2. Suppose -473 - 268 = -39*y. Suppose -y*h + 21*h - 10 = 0. Determine t(h).
-2
Let o(k) = k**3 + 5*k**2 - 11*k - 20. Let v be o(-6). Let f(a) = -8*a - v*a + 9*a + 10*a. What is f(-9)?
-9
Let l(q) be the second derivative of 5*q**3/3 + 4*q**2 + 49*q - 3. Determine l(-6).
-52
Let g(c) be the second derivative of -2/3*c**3 - 3/2*c**2 - 1/2*c**4 - 78 + c - 1/20*c**5. What is g(-3)?
-18
Let q(i) be the first derivative of 13*i**3/3 - 3*i**2/2 - 5*i + 139. Let t(m) = 12*m**2 - 2*m - 4. Let o(n) = -3*q(n) + 4*t(n). Determine o(1).
9
Let l be (8/(-12))/((-2)/(-9)). Let t(b) = -b**2 + 13*b - 38. Let n be t(5). Let j(k) = 15*k + 4 - 16*k - 2*k**2 - k**n - 2*k**3 + k**3. Calculate j(l).
7
Let n(a) be the second derivative of a**4/12 + 7*a**2/2 + 3*a + 116. Suppose 0 = -j + 4*j. Let u = j + 0. What is n(u)?
7
Let r = 7 + -6. Let k(t) = 6*t - 6*t - 6*t - r + t - 2*t**2 + t. What is k(4)?
-49
Let r(f) be the third derivative of -f**4/6 - f**3/6 - 331*f**2. Calculate r(5).
-21
Let x(z) be the first derivative of z**3/3 + 3*z**2/2 - 2*z - 1. Suppose 0*j = -2*j - 8, 0 = -4*b - 3*j - 3284. Let q = -822 - b. Determine x(q).
2
Let m(s) = 29*s**3 - 77*s**2 + 98*s - 50. Let o(q) = 7*q**3 - 19*q**2 + 24*q - 12. Let f(r) = 6*m(r) - 25*o(r). What is f(12)?
0
Let a(p) = -13*p + 10. Suppose -166 + 54 = -56*f. Determine a(f).
-16
Let j = -6 - -9. Let x(c) be the third derivative of 1/6*c**j + 0 - 1/4*c**4 - 1/60*c**5 - 14*c**2 + 0*c. Determine x(-7).
-6
Let f(b) be the third derivative of -b**6/120 + 7*b**5/60 + 5*b**4/24 - 7*b**3/3 - 2433*b**2. Determine f(7).
21
Suppose -115*c - 5 = -116*c. Suppose 5*j + 8*v + 35 = c*v, 0 = -v - 5. Let n(l) = -l + 6. Give n(j).
10
Let t = 151077 - 151073. Let s(x) be the first derivative of -x**4/4 + x**3 - x**2/2 + 2*x - 2. Determine s(t).
-18
Suppose -2*t = -0 - 20. Let d(u) = -19 - 11 + t + 2*u + 19. Suppose 5*z - 40 = 2*a - 0*a, -3*a = -5*z + 45. Give d(z).
11
Let f(t) = t**2 - 6*t - 5. Let z(k) = 10*k**2 - 5. Let b be z(2). Let a be 4/10 - (-1316)/b. Let u = 45 - a. What is f(u)?
2
Let l(j) = 4*j**2 + 10*j - 13. Let w(t) = -2*t**2 - 10*t + 13. Let x(q) = 2*l(q) + 3*w(q). Determine x(4).
5
Suppose 3*p = 5*v - 7 + 2, 2*p - 4 = -4*v. Let d(j) = -9*j**2 - 1. Determine d(v).
-10
Suppose 0 = -4*m - m - 20, 2*m + 18 = 2*b. Suppose -b*k = -2*k. Let w(d) be the third derivative of d**4/24 - 7*d**3/3 + d**2 + 216. What is w(k)?
-14
Suppose -57*k - 76 = -304. Let x(a) = 15*a - 9. What is x(k)?
51
Let y(v) = v**2 - 4*v - 4. Let z(u) be the first derivative of -u**2/2 - 17*u + 70. Let s be z(-25). Give y(s).
28
Suppose 281*k = 288*k - 28. Suppose 0 = 3*j + k*y + 21, -5*j - 14 = -2*y + 21. Let r(o) = o**2 + 5*o - 8. Calculate r(j).
6
Suppose -10231*a + 10230*a + 7 = 0. Suppose -127 = -b + 121. Let u(m) = -a*m**2 - 249*m**3 - 2*m + 11*m + b*m**3. Calculate u(-8).
-8
Let s(h) be the third derivative of h**5/60 + h**4/24 - 2*h**3/3 - 16*h**2. Let z be (1/((-12)/(-30)))/((-1)/(-2)). Let q = z - 1. Determine s(q).
16
Let c(f) be the first derivative of 55 - 9/2*f**2 - f. Determine c(-3).
26
Let l(t) = -4 + 0 - 6*t - t**2 + 8. Let r(z) = z**3 - 16*z**2 - 18*z + 10. Let n be r(17). Let c be (-15)/9*n/(14/(-6)). Give l(c).
9
Suppose -35*c - 1 + 106 = 0. Let w(d) = -3*d + 152*d**2 + c*d - 150*d**2 - 2*d - 6 - 2*d. What is w(4)?
10
Let m(z) = -2*z - 91707*z**2 + 91704*z**2 - 1 + 0. Give m(-2).
-9
Let y(s) = -7*s**2 + 35*s + 21. Let l(f) = 6*f**2 - 34*f - 15. Let g(w) = -6*l(w) - 5*y(w). Give g(29).
-15
Let x(n) = -430 + 253 + 6*n**2 + 170 + n**3. Calculate x(-6).
-7
Let n(j) = -3*j**3 - 2*j**2 - 4*j - 2. Let k be 7/5 + -1 + (-6)/(-15)*-1. Let u = -7 - -17. Suppose k = 5*g + 20 - u. Give n(g).
22
Let l(x) = x**3 - 7*x**2 + 5*x + 26. Suppose -b - 31*p + 35*p - 19 = 0, -1 = -5*b + 4*p. What is l(b)?
1
Let w(t) = t**3 - 10*t**2 - t + 7. Let m be 394/10 + 24/(-10) + 2. Suppose -2*v = -4*v + 3*g + 23, -4*v - g = -m. Calculate w(v).
-3
Let j(y) = -y + 8. Suppose -9*i + 2220 = 6*i. Let p = i + -142. What is j(p)?
2
Suppose -20*u = -46 + 146. Let k be (6 + u)/((-4)/(-8)). Let o(z) = -z**3 + 4*z**2 - 5*z + 5. Determine o(k).
3
Let c(u) = -240*u - 1209. Let h be c(-5). Let w(s) = 29*s + 257. What is w(h)?
-4
Let a(h) = h + 19. Let l(w) = -872*w - 877. Let u be l(-1). What is a(u)?
14
Let d(z) = z - 3*z - 838049425 + 838049421 + z**2 + z**3. Let g(j) = -3*j**3 - j**2 + 2*j - 1. Let n be g(1). Calculate d(n).
-16
Let c(a) = -a**3 - 13*a**2 + 12*a - 25. Suppose 17*g + 650 - 20 = -28*g. Calculate c(g).
3
Let x(o) be the second derivative of 94*o + 5/6*o**3 - 1/20*o**5 - 2*o**2 - 5/12*o**4 + 0. Determine x(-6).
2
Suppose -11*o + 6*o = 0. Suppose -p - 2 = -2*n + 11, o = -p - 5. Let w(f) = 2 + 0*f + 2*f + 3*f - n*f. What is w(0)?
2
Suppose 2*t - 495 = -511, 5*f = t + 83. Let a(g) = 8*g - 140. Calculate a(f).
-20
Let c(h) = 2*h**2 - 11*h + 4. Let w(a) = a**2 + 2*a + 1. Let f(o) = c(o) + 2*w(o). Give f(4).
42
Let g be 14715/8100 + (3 - (-57)/(-12)). Let j(t) be the third derivative of 0*t + g*t**5 - 1/120*t**6 + 1/12*t**4 - 9*t**2 + 2/3*t**3 + 0. Determine j(3).
19
Let b be (2 - -10)*(-6)/9. Let j(k) be the third derivative of -k**3/3 - 15*k**2 - 3. Let x(o) = -o. Let a(z) = -j(z) - 2*x(z). Determine a(b).
-14
Let f(x) = 6*x**2 - 4*x - 2*x**2 - 3*x**2. Let d = 5 - 0. Give f(d).
5
Let m = -15 + 51. Let d(s) = -6*s**2 + 3 + 36*s + 0 + m*s - 70*s + s**3. Suppose -5*l = -34 + 4. Calculate d(l).
15
Let h be (-930 - -947) + 2 + 15*-1. Let d = 5 + -3. Let g(t) = t**2 + 4 - t**3 - 2 + 2*t**2 - 4*t + d*t**2. Calculate g(h).
2
Let n(w) = -84. Let m(l) = 2*l + 282. Let b(y) = -2*m(y) - 7*n(y). What is b(5)?
4
Let l(b) be the first derivative of b**2 - 38*b + 4061. What is l(20)?
2
Let j be (10 - 20)*2/(-4). Suppose -5*u - 32 = j*i - 2*i, 3*i = u - 26. Let s(k) = -k**3 - 8*k**2 + 9*k - 3. Determine s(i).
-3
Let q(b) = -62 + b**2 - 3*b + 32 + 28. Suppose 0 = -9*h + 7*h - 154. Let g = h + 81. Give q(g).
2
Let n(h) = -h**2 - h - 3. Let w(v) = v**2 + v + 4. Let j(p) = -3*n(p) - 2*w(p). Suppose -5*q = 19*a - 22*a + 20, 2*a - 16 = 4*q. What is j(a)?
1
Suppose 3*l = 2*o - 22, 3*o = -5*l - 36 + 12. Let j be (-1)/(-2)*1*10. Let y(c) = 2 + 2 - j - 2*c - 2. Give y(l).
9
Let u(w) = -60498*w**2 + 60499*w**2 + 31*w + 162 - 66. Determine u(-28).
12
Let s(r) = -r**2 - 15*r - 19. Let f be 14/(-10) + 16116/(-1185). Determine s(f).
-19
Suppose -h = -3, 2*w + w = 2*h - 27. Suppose -33 = -4*f - 5*p, -2*f = -0*f + 3*p - 19. Let q(m) = -12 + f + m - 4*m + 2*m. What is q(w)?
-3
Let u(h) = -h**2 - 6*h + 7. Suppose 0 = -18*i + 13*i. Suppose -p - 3 + 1 = 4*k, -3*k + 3 = i. Give u(p).
7
Let v(w) be the third derivative of w**6/120 - w**5/20 - w**4/12 + 2*w**3/3 + 3*w**2. Suppose -1577*g - 2 = -1576*g - 5. Determine v(g).
-2
Suppose 0 = -27*v - 13*v + 3*v - 185. Let h(p) = -2*p**2 + 4*p + 33. What is h(v)?
-37
Let t(x) = -x. Let h(b) = 12. Let d(s) = -h(s) + 3*t(s). Let w be d(-5). Suppose -4*l + 1 = -w*r - 8, -5*r - 5*l = 15. Let y(z) = 3*z + 2. Determine y(r).
-7
Let d(c) = 7*c**3 + 34*c**2 - 4*c + 4. Suppose 60*n + 5*i = 65*n + 55, n + 3*i = 13. Determine d(n).
-1
Let c = 145 + -143. Suppose -9 = -2*w + 1, -c*i + 3*w + 35 = 0. Let x(s) = -4*s**2 - i*s + 4 - s**3 + 13*s + 19*s. Give x(-5).
-6
Let o(s) = -24*s - 499. Let g be o(-21). Let w(y) = y**3 - 23*y - 6. Give w(g).
4
Let p(s) = -61*s**2 + 2*s - 1. Let l be 60/(-110) + -6 + 664/88. Calculate p(l).
-60
Let q(t) = -45*t - 2. Let m(j) = 1079*j + 3240. Let i be m(-3). What is q(i)?
-137
Let l(v) be the third derivative of v**5/60 - v**4/24 + 5*v**3/6 + 531*v**2. Calculate l(3).
11
Let k(j) = -j**3 - 7*j**2 - 5. Let m(d) = 39*d - 75. Let z(t) = -159*t + 301. Let w(r) = 9*m(r) + 2*z(r). Let l be w(2). Calculate k(l).
-5
Let c(t) be the first derivative of -5*t**3/3 + 17*t**2 + 17*t + 4594. What is c(8)?
-31
Let p = -1583 + 1588. Suppose -k + 0 + 1 = 0. Let r(n) = -2 - k - 2*n + 2 + n. What is r(p)?
-6
Let m be 1854/(-48) + 4 - (-3)/(-8). Let a be 4/((m/2)/5 + 3